alculate the remainder when 282905 is divided by 4801.
4447
Calculate the remainder when 212857903 is divided by 36.
19
What is the remainder when 265001 is divided by 3632?
3497
What is the remainder when 9433357 is divided by 985?
12
Calculate the remainder when 1711254 is divided by 5298.
0
What is the remainder when 110506 is divided by 2354?
2222
Calculate the remainder when 2143224 is divided by 4106.
3998
What is the remainder when 82531 is divided by 8235?
181
Calculate the remainder when 39189 is divided by 310.
129
What is the remainder when 280719 is divided by 1305?
144
What is the remainder when 30475264 is divided by 870721?
29
What is the remainder when 8381541 is divided by 426?
417
What is the remainder when 28591352 is divided by 1323?
1322
Calculate the remainder when 13751019 is divided by 16.
11
Calculate the remainder when 7233505 is divided by 7016.
9
Calculate the remainder when 60117 is divided by 613.
43
Calculate the remainder when 34875953 is divided by 17437974.
5
Calculate the remainder when 7399217 is divided by 1496.
1
What is the remainder when 13878 is divided by 167?
17
What is the remainder when 124681670 is divided by 4839?
4835
Calculate the remainder when 411226 is divided by 6630.
166
What is the remainder when 864369 is divided by 420?
9
Calculate the remainder when 125158739 is divided by 4369.
4365
What is the remainder when 31232505 is divided by 113?
96
Calculate the remainder when 33471133 is divided by 7443.
7405
Calculate the remainder when 632505 is divided by 31625.
5
Calculate the remainder when 934959 is divided by 3792.
2127
What is the remainder when 161779603 is divided by 26?
11
Calculate the remainder when 104686780 is divided by 8435.
8430
Calculate the remainder when 4648373 is divided by 124.
109
What is the remainder when 7254 is divided by 5548?
1706
Calculate the remainder when 1571915 is divided by 49.
44
What is the remainder when 71226850 is divided by 41267?
8
What is the remainder when 8555343 is divided by 118824?
15
What is the remainder when 152044 is divided by 1746?
142
Calculate the remainder when 4579479 is divided by 50883.
9
What is the remainder when 162003 is divided by 12443?
244
Calculate the remainder when 33124781 is divided by 1908.
1901
Calculate the remainder when 61799 is divided by 2537.
911
What is the remainder when 5475151 is divided by 6?
1
Calculate the remainder when 86308 is divided by 5640.
1708
What is the remainder when 13790212 is divided by 48?
4
Calculate the remainder when 68582 is divided by 7490.
1172
Calculate the remainder when 31032444 is divided by 15516211.
22
What is the remainder when 133690 is divided by 9521?
396
Calculate the remainder when 11156 is divided by 5968.
5188
What is the remainder when 161592373 is divided by 44?
41
What is the remainder when 10141194 is divided by 720?
714
What is the remainder when 209142 is divided by 261?
81
What is the remainder when 246839039 is divided by 1152?
1151
Calculate the remainder when 59999763 is divided by 182.
5
Calculate the remainder when 1520527 is divided by 72340.
1387
Calculate the remainder when 80564 is divided by 408.
188
Calculate the remainder when 111348 is divided by 53798.
3752
Calculate the remainder when 1258443 is divided by 1194.
1161
What is the remainder when 6577910 is divided by 6577909?
1
Calculate the remainder when 108117 is divided by 2914.
299
What is the remainder when 139435 is divided by 797?
757
What is the remainder when 151010760 is divided by 19?
14
What is the remainder when 675759 is divided by 336616?
2527
Calculate the remainder when 14640987 is divided by 273.
270
What is the remainder when 815240 is divided by 658?
636
What is the remainder when 27917152 is divided by 315?
277
What is the remainder when 3325383 is divided by 49?
47
What is the remainder when 1017295 is divided by 880?
15
Calculate the remainder when 30428853 is divided by 5071472.
21
What is the remainder when 242385414 is divided by 64?
6
Calculate the remainder when 6007970 is divided by 1074.
14
What is the remainder when 31724 is divided by 29692?
2032
Calculate the remainder when 46859619 is divided by 46859618.
1
What is the remainder when 3849694 is divided by 636?
622
Calculate the remainder when 66510 is divided by 123.
90
Calculate the remainder when 1134669 is divided by 3996.
3801
What is the remainder when 426426 is divided by 78?
0
What is the remainder when 60837227 is divided by 30418609?
9
Calculate the remainder when 3719365 is divided by 2354.
45
What is the remainder when 48086833 is divided by 15?
13
What is the remainder when 366948 is divided by 67?
56
What is the remainder when 18125 is divided by 1642?
63
What is the remainder when 44894677 is divided by 11?
3
What is the remainder when 474200 is divided by 9987?
4811
What is the remainder when 1141282 is divided by 30?
22
What is the remainder when 216849 is divided by 433?
349
Calculate the remainder when 620832 is divided by 18259.
26
Calculate the remainder when 63912 is divided by 1217.
628
Calculate the remainder when 15326 is divided by 457.
245
Calculate the remainder when 5682175 is divided by 33229.
16
Calculate the remainder when 5603849 is divided by 598.
589
What is the remainder when 687250 is divided by 6305?
5
Calculate the remainder when 95276 is divided by 59.
50
Calculate the remainder when 5869508 is divided by 38.
28
What is the remainder when 60248933 is divided by 195?
173
What is the remainder when 2076895 is divided by 3372?
3115
Calculate the remainder when 52358 is divided by 7478.
12
Calculate the remainder when 53370417 is divided by 303.
300
What is the remainder when 104823 is divided by 52301?
221
What is the remainder when 1409069 is divided by 1408855?
214
Calculate the remainder when 1600342 is divided by 6203.
6171
Calculate the remainder when 2660822 is divided by 443469.
8
What is the remainder when 4945331 is divided by 574?
321
Calculate the remainder when 42847445 is divided by 21.
11
What is the remainder when 5087308 is divided by 1988?
16
Calculate the remainder when 23920 is divided by 3826.
964
Calculate the remainder when 3693688 is divided by 46.
26
Calculate the remainder when 293970223 is divided by 626.
623
Calculate the remainder when 203845 is divided by 4348.
3837
What is the remainder when 7269047 is divided by 1752?
1751
Calculate the remainder when 9326225 is divided by 2639.
2638
What is the remainder when 24272609 is divided by 92?
65
What is the remainder when 110455719 is divided by 282?
267
What is the remainder when 13350013 is divided by 485?
388
What is the remainder when 177552 is divided by 11761?
1137
Calculate the remainder when 16406945 is divided by 10178.
9
What is the remainder when 16643 is divided by 3048?
1403
Calculate the remainder when 129281276 is divided by 655.
651
What is the remainder when 65393 is divided by 8923?
2932
Calculate the remainder when 81234639 is divided by 96.
15
Calculate the remainder when 10797 is divided by 1206.
1149
Calculate the remainder when 122421 is divided by 122405.
16
What is the remainder when 567685 is divided by 82?
81
Calculate the remainder when 4165565 is divided by 278.
13
Calculate the remainder when 164159 is divided by 162262.
1897
Calculate the remainder when 291416067 is divided by 87.
84
What is the remainder when 630576247 is divided by 1907?
1906
Calculate the remainder when 201958 is divided by 25206.
310
What is the remainder when 794439 is divided by 29?
13
Calculate the remainder when 1448554 is divided by 1934.
1922
What is the remainder when 77253530 is divided by 91?
81
Calculate the remainder when 135280 is divided by 311.
306
Calculate the remainder when 38241 is divided by 12723.
72
What is the remainder when 3827279 is divided by 651?
50
Calculate the remainder when 26191 is divided by 1669.
1156
What is the remainder when 3862557 is divided by 16?
13
What is the remainder when 60606 is divided by 60600?
6
What is the remainder when 150816990 is divided by 172?
166
Calculate the remainder when 4011322 is divided by 94.
60
What is the remainder when 511809 is divided by 137?
114
Calculate the remainder when 120422 is divided by 1564.
1558
Calculate the remainder w